{"id":7946,"date":"2024-11-19T09:31:12","date_gmt":"2024-11-19T09:31:12","guid":{"rendered":"https:\/\/energyradar.net\/?page_id=7946"},"modified":"2024-11-22T14:41:41","modified_gmt":"2024-11-22T14:41:41","slug":"wirsindenergyradar","status":"publish","type":"page","link":"https:\/\/energyradar.net\/?page_id=7946","title":{"rendered":"\u00dcber Uns"},"content":{"rendered":"[vc_row type=&#8221;in_container&#8221; full_screen_row_position=&#8221;middle&#8221; column_margin=&#8221;default&#8221; column_direction=&#8221;default&#8221; column_direction_tablet=&#8221;default&#8221; column_direction_phone=&#8221;default&#8221; scene_position=&#8221;center&#8221; text_color=&#8221;dark&#8221; text_align=&#8221;left&#8221; row_border_radius=&#8221;none&#8221; row_border_radius_applies=&#8221;bg&#8221; overflow=&#8221;visible&#8221; overlay_strength=&#8221;0.3&#8243; gradient_direction=&#8221;left_to_right&#8221; shape_divider_position=&#8221;bottom&#8221; bg_image_animation=&#8221;none&#8221;][vc_column column_padding=&#8221;no-extra-padding&#8221; column_padding_tablet=&#8221;inherit&#8221; column_padding_phone=&#8221;inherit&#8221; column_padding_position=&#8221;all&#8221; column_element_direction_desktop=&#8221;default&#8221; column_element_spacing=&#8221;default&#8221; desktop_text_alignment=&#8221;default&#8221; tablet_text_alignment=&#8221;default&#8221; phone_text_alignment=&#8221;default&#8221; background_color_opacity=&#8221;1&#8243; background_hover_color_opacity=&#8221;1&#8243; column_backdrop_filter=&#8221;none&#8221; column_shadow=&#8221;none&#8221; column_border_radius=&#8221;none&#8221; column_link_target=&#8221;_self&#8221; column_position=&#8221;default&#8221; gradient_direction=&#8221;left_to_right&#8221; overlay_strength=&#8221;0.3&#8243; width=&#8221;1\/1&#8243; tablet_width_inherit=&#8221;default&#8221; animation_type=&#8221;default&#8221; bg_image_animation=&#8221;none&#8221; border_type=&#8221;simple&#8221; column_border_width=&#8221;none&#8221; column_border_style=&#8221;solid&#8221;][vc_column_text]\r\n\t\t\t\t<div class=\"ticker-news\">\t\t\t\t\t\t<div class='tickercontainer'>\r\n\t\t\t\t\t\t\t<div class='ticker-mask'>\r\n\t\t\t\t\t\t\t\t<ul id=\"ticker\" class=\"js-hidden\">\r\n\t\t\t\t\t\t\t\t\t\t\t<li>\r\n\t\t\t\t\t\t\t\t\t\t\t\t<a href=\"https:\/\/energyradar.net\/?p=8125\" title=\"Join Us at E-world Energy &#038; Water 2025 in Essen\"\r\n\t\t\t\t\t\t\t\t\t\t\t\t\t target=&quot;_blank&quot;>Join Us at E-world Energy &#038; Water 2025 in Essen<\/a>\r\n\t\t\t\t\t\t\t\t\t\t\t<\/li>\r\n\t\t\t\t\t\t\t\t\t\t\t<li>\r\n\t\t\t\t\t\t\t\t\t\t\t\t<a href=\"https:\/\/energyradar.net\/?p=7867\" title=\"EnergyRadar is thrilled to be participating in metering days 2024 in Fulda, Germany, on November 20-21.\"\r\n\t\t\t\t\t\t\t\t\t\t\t\t\t target=&quot;_blank&quot;>EnergyRadar is thrilled to be participating in metering days 2024 in Fulda, Germany, on November 20-21.<\/a>\r\n\t\t\t\t\t\t\t\t\t\t\t<\/li>\r\n\t\t\t\t\t\t\t\t\t\t\t<li>\r\n\t\t\t\t\t\t\t\t\t\t\t\t<a href=\"https:\/\/energyradar.net\/?p=7726\" title=\"Highligths von der Enlit 2024\"\r\n\t\t\t\t\t\t\t\t\t\t\t\t\t target=&quot;_blank&quot;>Highligths von der Enlit 2024<\/a>\r\n\t\t\t\t\t\t\t\t\t\t\t<\/li>\r\n\t\t\t\t\t\t\t\t\t\t\t<li>\r\n\t\t\t\t\t\t\t\t\t\t\t\t<a href=\"https:\/\/energyradar.net\/?p=7722\" title=\"Wir stellen aus auf der Enlit 2024\"\r\n\t\t\t\t\t\t\t\t\t\t\t\t\t target=&quot;_blank&quot;>Wir stellen aus auf der Enlit 2024<\/a>\r\n\t\t\t\t\t\t\t\t\t\t\t<\/li>\r\n\t\t\t\t\t\t\t\t\t\t\t<li>\r\n\t\t\t\t\t\t\t\t\t\t\t\t<a href=\"https:\/\/energyradar.net\/?p=7669\" title=\"Treffen Sie uns auf der Enlit 2024\"\r\n\t\t\t\t\t\t\t\t\t\t\t\t\t target=&quot;_blank&quot;>Treffen Sie uns auf der Enlit 2024<\/a>\r\n\t\t\t\t\t\t\t\t\t\t\t<\/li>\r\n\t\t\t\t\t\t\t\t\t\t\t<li>\r\n\t\t\t\t\t\t\t\t\t\t\t\t<a href=\"https:\/\/energyradar.net\/?p=7663\" title=\"Nur noch wenige Tage bis zur Enlit 2024\"\r\n\t\t\t\t\t\t\t\t\t\t\t\t\t target=&quot;_blank&quot;>Nur noch wenige Tage bis zur Enlit 2024<\/a>\r\n\t\t\t\t\t\t\t\t\t\t\t<\/li>\r\n\t\t\t\t\t\t\t\t\t\t\t<li>\r\n\t\t\t\t\t\t\t\t\t\t\t\t<a href=\"https:\/\/energyradar.net\/?p=7201\" title=\"Join us at Enlit Europe in Italy and stop by our booth!\"\r\n\t\t\t\t\t\t\t\t\t\t\t\t\t target=&quot;_blank&quot;>Join us at Enlit Europe in Italy and stop by our booth!<\/a>\r\n\t\t\t\t\t\t\t\t\t\t\t<\/li>\r\n\t\t\t\t\t\t\t\t\t\t\t<li>\r\n\t\t\t\t\t\t\t\t\t\t\t\t<a href=\"https:\/\/energyradar.net\/?p=7170\" title=\"EnergyRadar und Exnaton arbeiten gemeinsam an einem Quartierstrom Projekt\"\r\n\t\t\t\t\t\t\t\t\t\t\t\t\t target=&quot;_blank&quot;>EnergyRadar und Exnaton arbeiten gemeinsam an einem Quartierstrom Projekt<\/a>\r\n\t\t\t\t\t\t\t\t\t\t\t<\/li>\r\n\t\t\t\t\t\t\t\t\t\t\t<li>\r\n\t\t\t\t\t\t\t\t\t\t\t\t<a href=\"https:\/\/energyradar.net\/?p=7142\" title=\"BEENRA und EnergyRadar vereinbaren langfristige Kooperation\"\r\n\t\t\t\t\t\t\t\t\t\t\t\t\t target=&quot;_blank&quot;>BEENRA und EnergyRadar vereinbaren langfristige Kooperation<\/a>\r\n\t\t\t\t\t\t\t\t\t\t\t<\/li>\r\n\t\t\t\t\t\t\t\t\t\t\t<li>\r\n\t\t\t\t\t\t\t\t\t\t\t\t<a href=\"https:\/\/energyradar.net\/?p=7099\" title=\"EnergyRadar auf der Smart City Werkstatt Digital 2020\"\r\n\t\t\t\t\t\t\t\t\t\t\t\t\t target=&quot;_blank&quot;>EnergyRadar auf der Smart City Werkstatt Digital 2020<\/a>\r\n\t\t\t\t\t\t\t\t\t\t\t<\/li>\r\n\t\t\t\t\t\t\t\t\t\t\t<li>\r\n\t\t\t\t\t\t\t\t\t\t\t\t<a href=\"https:\/\/energyradar.net\/?p=7077\" title=\"Let us introduce our new video channel on Youtube!\"\r\n\t\t\t\t\t\t\t\t\t\t\t\t\t target=&quot;_blank&quot;>Let us introduce our new video channel on Youtube!<\/a>\r\n\t\t\t\t\t\t\t\t\t\t\t<\/li>\r\n\t\t\t\t\t\t\t\t\t\t\t<li>\r\n\t\t\t\t\t\t\t\t\t\t\t\t<a href=\"https:\/\/energyradar.net\/?p=7073\" title=\"Bilder sagen mehr als tausend Worte.\"\r\n\t\t\t\t\t\t\t\t\t\t\t\t\t target=&quot;_blank&quot;>Bilder sagen mehr als tausend Worte.<\/a>\r\n\t\t\t\t\t\t\t\t\t\t\t<\/li>\r\n\t\t\t\t\t\t\t\t\t\t\t<li>\r\n\t\t\t\t\t\t\t\t\t\t\t\t<a href=\"https:\/\/energyradar.net\/?p=6984\" title=\"Kennen Sie die preiswerteste und einfachste L\u00f6sung, um Z\u00e4hlerablesungen in Ihre L\u00f6sung zu integrieren?\"\r\n\t\t\t\t\t\t\t\t\t\t\t\t\t target=&quot;_blank&quot;>Kennen Sie die preiswerteste und einfachste L\u00f6sung, um Z\u00e4hlerablesungen in Ihre L\u00f6sung zu integrieren?<\/a>\r\n\t\t\t\t\t\t\t\t\t\t\t<\/li>\r\n\t\t\t\t\t\t\t\t\t\t\t<li>\r\n\t\t\t\t\t\t\t\t\t\t\t\t<a href=\"https:\/\/energyradar.net\/?p=6789\" title=\"Smart City Werkstatt 2020 digital\"\r\n\t\t\t\t\t\t\t\t\t\t\t\t\t target=&quot;_blank&quot;>Smart City Werkstatt 2020 digital<\/a>\r\n\t\t\t\t\t\t\t\t\t\t\t<\/li>\r\n\t\t\t\t\t\t\t\t\t\t\t<li>\r\n\t\t\t\t\t\t\t\t\t\t\t\t<a href=\"https:\/\/energyradar.net\/?p=6670\" title=\"Successful test with different smart meter\"\r\n\t\t\t\t\t\t\t\t\t\t\t\t\t target=&quot;_blank&quot;>Successful test with different smart meter<\/a>\r\n\t\t\t\t\t\t\t\t\t\t\t<\/li>\r\n\t\t\t\t\t\t\t\t\t\t\t<li>\r\n\t\t\t\t\t\t\t\t\t\t\t\t<a href=\"https:\/\/energyradar.net\/?p=6649\" title=\"Presentation of the Meter Extension 1\"\r\n\t\t\t\t\t\t\t\t\t\t\t\t\t target=&quot;_blank&quot;>Presentation of the Meter Extension 1<\/a>\r\n\t\t\t\t\t\t\t\t\t\t\t<\/li>\r\n\t\t\t\t\t\t\t\t\t\t\t<li>\r\n\t\t\t\t\t\t\t\t\t\t\t\t<a href=\"https:\/\/energyradar.net\/?p=1\" title=\"EnergyRadar \u2013 The new department at Cuculus\"\r\n\t\t\t\t\t\t\t\t\t\t\t\t\t target=&quot;_blank&quot;>EnergyRadar \u2013 The new department at Cuculus<\/a>\r\n\t\t\t\t\t\t\t\t\t\t\t<\/li>\t\t\t\t\t\t\t\t<\/ul>\r\n\t\t\t\t\t\t\t<\/div>\r\n\t\t\t\t\t\t<\/div>\t\t\t\t<\/div>\r\n\t\t\t\t<!-- .ticker-news -->\r\n\t\t\t\t[\/vc_column_text][\/vc_column][\/vc_row][vc_row type=&#8221;full_width_background&#8221; full_screen_row_position=&#8221;middle&#8221; column_margin=&#8221;default&#8221; equal_height=&#8221;yes&#8221; content_placement=&#8221;middle&#8221; column_direction=&#8221;default&#8221; column_direction_tablet=&#8221;default&#8221; column_direction_phone=&#8221;default&#8221; bg_color=&#8221;#ffffff&#8221; bg_image=&#8221;6556&#8243; background_image_mobile_hidden=&#8221;true&#8221; bg_position=&#8221;center bottom&#8221; background_image_loading=&#8221;default&#8221; bg_repeat=&#8221;no-repeat&#8221; scene_position=&#8221;center&#8221; top_padding=&#8221;5%&#8221; constrain_group_1=&#8221;yes&#8221; bottom_padding=&#8221;5%&#8221; constrain_group_3=&#8221;yes&#8221; constrain_group_5=&#8221;yes&#8221; text_color=&#8221;dark&#8221; text_align=&#8221;left&#8221; row_border_radius=&#8221;none&#8221; row_border_radius_applies=&#8221;bg&#8221; overflow=&#8221;visible&#8221; id=&#8221;start&#8221; row_name=&#8221;Start&#8221; overlay_strength=&#8221;0.3&#8243; gradient_direction=&#8221;left_to_right&#8221; shape_divider_position=&#8221;bottom&#8221; bg_image_animation=&#8221;zoom-out-slow&#8221; shape_type=&#8221;&#8221;][vc_column column_padding=&#8221;no-extra-padding&#8221; column_padding_tablet=&#8221;inherit&#8221; column_padding_phone=&#8221;inherit&#8221; column_padding_position=&#8221;all&#8221; column_element_direction_desktop=&#8221;default&#8221; column_element_spacing=&#8221;default&#8221; desktop_text_alignment=&#8221;default&#8221; tablet_text_alignment=&#8221;center&#8221; phone_text_alignment=&#8221;center&#8221; background_color_opacity=&#8221;1&#8243; background_hover_color_opacity=&#8221;1&#8243; column_backdrop_filter=&#8221;none&#8221; column_shadow=&#8221;none&#8221; column_border_radius=&#8221;none&#8221; column_link_target=&#8221;_self&#8221; column_position=&#8221;default&#8221; gradient_direction=&#8221;left_to_right&#8221; overlay_strength=&#8221;0.3&#8243; width=&#8221;1\/1&#8243; tablet_width_inherit=&#8221;default&#8221; animation_type=&#8221;default&#8221; bg_image_animation=&#8221;none&#8221; border_type=&#8221;simple&#8221; column_border_width=&#8221;none&#8221; column_border_style=&#8221;solid&#8221; column_padding_type=&#8221;default&#8221; gradient_type=&#8221;default&#8221;][vc_row_inner equal_height=&#8221;yes&#8221; content_placement=&#8221;top&#8221; column_margin=&#8221;default&#8221; column_direction=&#8221;default&#8221; column_direction_tablet=&#8221;column_reverse&#8221; column_direction_phone=&#8221;column_reverse&#8221; text_align=&#8221;left&#8221; row_position=&#8221;default&#8221; row_position_tablet=&#8221;inherit&#8221; row_position_phone=&#8221;inherit&#8221; overflow=&#8221;visible&#8221; pointer_events=&#8221;all&#8221;][vc_column_inner column_padding=&#8221;no-extra-padding&#8221; column_padding_tablet=&#8221;inherit&#8221; column_padding_phone=&#8221;inherit&#8221; column_padding_position=&#8221;bottom&#8221; column_element_direction_desktop=&#8221;default&#8221; column_element_spacing=&#8221;default&#8221; desktop_text_alignment=&#8221;default&#8221; tablet_text_alignment=&#8221;default&#8221; phone_text_alignment=&#8221;default&#8221; background_color_opacity=&#8221;1&#8243; background_hover_color_opacity=&#8221;1&#8243; column_backdrop_filter=&#8221;none&#8221; column_shadow=&#8221;none&#8221; column_border_radius=&#8221;none&#8221; column_link_target=&#8221;_self&#8221; overflow=&#8221;visible&#8221; gradient_direction=&#8221;left_to_right&#8221; overlay_strength=&#8221;0.3&#8243; width=&#8221;1\/2&#8243; tablet_width_inherit=&#8221;default&#8221; animation_type=&#8221;default&#8221; enable_animation=&#8221;true&#8221; animation=&#8221;fade-in-from-bottom&#8221; animation_easing=&#8221;default&#8221; bg_image_animation=&#8221;none&#8221; border_type=&#8221;simple&#8221; column_border_width=&#8221;none&#8221; column_border_style=&#8221;solid&#8221; column_padding_type=&#8221;default&#8221; gradient_type=&#8221;default&#8221;][split_line_heading animation_type=&#8221;line-reveal-by-space&#8221; font_style=&#8221;h1&#8243; line_reveal_by_space_text_effect=&#8221;default&#8221; content_alignment=&#8221;default&#8221; mobile_content_alignment=&#8221;inherit&#8221; link_target=&#8221;_self&#8221; text_content=&#8221;\u00dcber Uns&#8221;][\/split_line_heading][vc_column_text]EnergyRadar, gestartet im Jahr 2018, ist eine innovative Plattform zur Optimierung von Energieverbrauch und -kosten. Mit fortschrittlicher Datentechnologie und ma\u00dfgeschneiderten Empfehlungen helfen wir Privatpersonen und Unternehmen, ihre Energieeffizienz zu steigern und ihre Kosten zu senken. 2018 entwickelten wir die MeterExtension, die es Nutzern erm\u00f6glicht, ihren Energieverbrauch in Echtzeit zu \u00fcberwachen. 2021 f\u00fchrten wir den EnergyRadar Service Management ein, um eine noch pr\u00e4zisere Verwaltung und Optimierung des Energieverbrauchs zu erm\u00f6glichen. Unsere Vision ist es, die f\u00fchrende Plattform f\u00fcr nachhaltige und kosteneffiziente Energienutzung zu werden.[\/vc_column_text][\/vc_column_inner][vc_column_inner column_padding=&#8221;no-extra-padding&#8221; column_padding_tablet=&#8221;inherit&#8221; column_padding_phone=&#8221;inherit&#8221; column_padding_position=&#8221;all&#8221; column_element_direction_desktop=&#8221;default&#8221; column_element_spacing=&#8221;default&#8221; desktop_text_alignment=&#8221;default&#8221; tablet_text_alignment=&#8221;default&#8221; phone_text_alignment=&#8221;default&#8221; background_color_opacity=&#8221;1&#8243; background_hover_color_opacity=&#8221;1&#8243; column_backdrop_filter=&#8221;none&#8221; column_shadow=&#8221;none&#8221; column_border_radius=&#8221;none&#8221; column_link_target=&#8221;_self&#8221; overflow=&#8221;visible&#8221; gradient_direction=&#8221;left_to_right&#8221; overlay_strength=&#8221;0.3&#8243; width=&#8221;1\/2&#8243; tablet_width_inherit=&#8221;default&#8221; animation_type=&#8221;default&#8221; bg_image_animation=&#8221;none&#8221; border_type=&#8221;simple&#8221; column_border_width=&#8221;none&#8221; column_border_style=&#8221;solid&#8221;][image_with_animation image_url=&#8221;7247&#8243; image_size=&#8221;regular&#8221; animation_type=&#8221;entrance&#8221; animation=&#8221;None&#8221; animation_movement_type=&#8221;transform_y&#8221; hover_animation=&#8221;none&#8221; alignment=&#8221;&#8221; border_radius=&#8221;none&#8221; box_shadow=&#8221;none&#8221; image_loading=&#8221;default&#8221; max_width=&#8221;100%&#8221; max_width_mobile=&#8221;default&#8221;][\/vc_column_inner][\/vc_row_inner][vc_column_text]\n<h3>Unser Ziel<\/h3>\n<p>ist es, die Energiewende voranzutreiben und die Verbindung zwischen effizientem Energieeinsatz und \u00f6kologischer Verantwortung zu st\u00e4rken. Durch die Integration modernster Technologien schaffen wir nachhaltige L\u00f6sungen, die sowohl \u00f6kologisch als auch \u00f6konomisch sinnvoll sind.<\/p>\n<p>Wir bieten nicht nur eine benutzerfreundliche Plattform f\u00fcr die \u00dcberwachung und Optimierung des Energieverbrauchs, sondern auch die M\u00f6glichkeit, innovative Technologien zu integrieren, um die Energiezukunft aktiv mitzugestalten. EnergyRadar setzt sich daf\u00fcr ein, eine kosteneffiziente und umweltfreundliche Nutzung von Energie f\u00fcr alle zug\u00e4nglich zu machen und eine nachhaltige Zukunft zu f\u00f6rdern.<\/p>\n<h3><strong>Unsere Vision<\/strong><\/h3>\n<p>ist es, die f\u00fchrende Plattform f\u00fcr Energieoptimierung und -management zu werden, die sowohl den \u00f6kologischen Fu\u00dfabdruck minimiert als auch den wirtschaftlichen Erfolg unserer Kunden steigert.<\/p>\n<p>Werden Sie Teil von EnergyRadar und gestalten Sie gemeinsam mit uns eine nachhaltigere und effizientere Energiezukunft![\/vc_column_text][divider line_type=&#8221;No Line&#8221;][nectar_cta btn_style=&#8221;underline&#8221; heading_tag=&#8221;p&#8221; button_color=&#8221;default&#8221; button_color_hover=&#8221;#edc951&#8243; button_border_thickness=&#8221;0px&#8221; link_type=&#8221;new_tab&#8221; alignment=&#8221;center&#8221; alignment_tablet=&#8221;default&#8221; alignment_phone=&#8221;default&#8221; display=&#8221;block&#8221; display_tablet=&#8221;inherit&#8221; display_phone=&#8221;inherit&#8221; icon_family=&#8221;none&#8221; link_text=&#8221;Werden Sie Teil der EnergyRadar Community.&#8221; url=&#8221;\/kontakt&#8221;][\/vc_column][\/vc_row][vc_row type=&#8221;full_width_background&#8221; full_screen_row_position=&#8221;middle&#8221; column_margin=&#8221;default&#8221; equal_height=&#8221;yes&#8221; column_direction=&#8221;default&#8221; column_direction_tablet=&#8221;default&#8221; column_direction_phone=&#8221;default&#8221; bg_image=&#8221;7122&#8243; bg_position=&#8221;left top&#8221; background_image_loading=&#8221;default&#8221; bg_repeat=&#8221;no-repeat&#8221; scene_position=&#8221;center&#8221; top_padding=&#8221;8%&#8221; text_color=&#8221;light&#8221; text_align=&#8221;left&#8221; row_border_radius=&#8221;none&#8221; row_border_radius_applies=&#8221;bg&#8221; overflow=&#8221;visible&#8221; color_overlay=&#8221;#333333&#8243; overlay_strength=&#8221;0.8&#8243; gradient_direction=&#8221;left_to_right&#8221; shape_divider_position=&#8221;bottom&#8221; bg_image_animation=&#8221;none&#8221; gradient_type=&#8221;default&#8221; shape_type=&#8221;&#8221;][vc_column column_padding=&#8221;no-extra-padding&#8221; column_padding_tablet=&#8221;inherit&#8221; column_padding_phone=&#8221;inherit&#8221; column_padding_position=&#8221;all&#8221; column_element_direction_desktop=&#8221;default&#8221; column_element_spacing=&#8221;default&#8221; desktop_text_alignment=&#8221;default&#8221; tablet_text_alignment=&#8221;default&#8221; phone_text_alignment=&#8221;default&#8221; background_color_opacity=&#8221;1&#8243; background_hover_color_opacity=&#8221;1&#8243; column_backdrop_filter=&#8221;none&#8221; column_shadow=&#8221;none&#8221; column_border_radius=&#8221;none&#8221; column_link_target=&#8221;_self&#8221; column_position=&#8221;default&#8221; gradient_direction=&#8221;left_to_right&#8221; overlay_strength=&#8221;0.3&#8243; width=&#8221;1\/1&#8243; tablet_width_inherit=&#8221;default&#8221; animation_type=&#8221;default&#8221; bg_image_animation=&#8221;none&#8221; border_type=&#8221;simple&#8221; column_border_width=&#8221;none&#8221; column_border_style=&#8221;solid&#8221;][vc_row_inner column_margin=&#8221;default&#8221; column_direction=&#8221;default&#8221; column_direction_tablet=&#8221;default&#8221; column_direction_phone=&#8221;default&#8221; text_align=&#8221;left&#8221; row_position=&#8221;default&#8221; row_position_tablet=&#8221;inherit&#8221; row_position_phone=&#8221;inherit&#8221; overflow=&#8221;visible&#8221; pointer_events=&#8221;all&#8221;][vc_column_inner column_padding=&#8221;no-extra-padding&#8221; column_padding_tablet=&#8221;inherit&#8221; column_padding_phone=&#8221;inherit&#8221; column_padding_position=&#8221;all&#8221; column_element_direction_desktop=&#8221;default&#8221; column_element_spacing=&#8221;default&#8221; desktop_text_alignment=&#8221;default&#8221; tablet_text_alignment=&#8221;default&#8221; phone_text_alignment=&#8221;default&#8221; background_color_opacity=&#8221;1&#8243; background_hover_color_opacity=&#8221;1&#8243; column_backdrop_filter=&#8221;none&#8221; column_shadow=&#8221;none&#8221; column_border_radius=&#8221;none&#8221; column_link_target=&#8221;_self&#8221; overflow=&#8221;visible&#8221; gradient_direction=&#8221;left_to_right&#8221; overlay_strength=&#8221;0.3&#8243; width=&#8221;1\/2&#8243; tablet_width_inherit=&#8221;default&#8221; animation_type=&#8221;default&#8221; bg_image_animation=&#8221;none&#8221; border_type=&#8221;simple&#8221; column_border_width=&#8221;none&#8221; column_border_style=&#8221;solid&#8221;][fancy_box box_style=&#8221;color_box_hover&#8221; icon_family=&#8221;custom&#8221; custom_icon_image=&#8221;7947&#8243; link_new_tab=&#8221;true&#8221; color=&#8221;accent-color&#8221; color_custom=&#8221;#edc951&#8243; color_box_hover_overlay_opacity=&#8221;default&#8221; box_alignment=&#8221;left&#8221; border_radius=&#8221;default&#8221; image_loading=&#8221;default&#8221; link_url=&#8221;https:\/\/www.esmig.eu\/&#8221;]EnergyRadar ist in diversen Arbeitskreisen vertreten. Wir arbeiten dort mit vielen unterschiedlichen Anbietern zusammen. Eine der wichtigsten Themen der n\u00e4chsten Wochen und Monaten wird sich schwerpunktm\u00e4\u00dfig um das Thema &#8220;K\u00fcnstliche Inteligenz&#8221; drehen. Wir gehen hier der Frage nach, wie uns KI bei der Transformation der Energiesysteme helfen kann.[\/fancy_box][\/vc_column_inner][vc_column_inner column_padding=&#8221;no-extra-padding&#8221; column_padding_tablet=&#8221;inherit&#8221; column_padding_phone=&#8221;inherit&#8221; column_padding_position=&#8221;all&#8221; column_element_direction_desktop=&#8221;default&#8221; column_element_spacing=&#8221;default&#8221; desktop_text_alignment=&#8221;default&#8221; tablet_text_alignment=&#8221;default&#8221; phone_text_alignment=&#8221;default&#8221; background_color_opacity=&#8221;1&#8243; background_hover_color_opacity=&#8221;1&#8243; column_backdrop_filter=&#8221;none&#8221; column_shadow=&#8221;none&#8221; column_border_radius=&#8221;none&#8221; column_link_target=&#8221;_self&#8221; overflow=&#8221;visible&#8221; gradient_direction=&#8221;left_to_right&#8221; overlay_strength=&#8221;0.3&#8243; width=&#8221;1\/2&#8243; tablet_width_inherit=&#8221;default&#8221; animation_type=&#8221;default&#8221; bg_image_animation=&#8221;none&#8221; border_type=&#8221;simple&#8221; column_border_width=&#8221;none&#8221; column_border_style=&#8221;solid&#8221;][\/vc_column_inner][\/vc_row_inner][nectar_cta btn_style=&#8221;underline&#8221; heading_tag=&#8221;p&#8221; button_color=&#8221;default&#8221; text_color=&#8221;#333333&#8243; button_border_thickness=&#8221;0px&#8221; link_type=&#8221;regular&#8221; alignment=&#8221;center&#8221; alignment_tablet=&#8221;default&#8221; alignment_phone=&#8221;default&#8221; display=&#8221;block&#8221; display_tablet=&#8221;inherit&#8221; display_phone=&#8221;inherit&#8221; icon_family=&#8221;none&#8221; link_text=&#8221;Sie haben konkrete Anforderungen und m\u00f6chten mit uns \u00fcber die Realisierung sprechen? Treten Sie mit uns in Kontakt.&#8221; url=&#8221;\/kontakt&#8221;][\/vc_column][\/vc_row]\n","protected":false},"excerpt":{"rendered":"<p>[vc_row type=&#8221;in_container&#8221; full_screen_row_position=&#8221;middle&#8221; column_margin=&#8221;default&#8221; column_direction=&#8221;default&#8221; column_direction_tablet=&#8221;default&#8221; column_direction_phone=&#8221;default&#8221; scene_position=&#8221;center&#8221; text_color=&#8221;dark&#8221; text_align=&#8221;left&#8221; row_border_radius=&#8221;none&#8221; row_border_radius_applies=&#8221;bg&#8221; overflow=&#8221;visible&#8221; overlay_strength=&#8221;0.3&#8243; gradient_direction=&#8221;left_to_right&#8221;&#8230;<\/p>\n","protected":false},"author":1,"featured_media":0,"parent":0,"menu_order":0,"comment_status":"closed","ping_status":"closed","template":"","meta":{"inline_featured_image":false,"footnotes":""},"class_list":["post-7946","page","type-page","status-publish"],"jetpack_sharing_enabled":true,"_links":{"self":[{"href":"https:\/\/energyradar.net\/index.php?rest_route=\/wp\/v2\/pages\/7946","targetHints":{"allow":["GET"]}}],"collection":[{"href":"https:\/\/energyradar.net\/index.php?rest_route=\/wp\/v2\/pages"}],"about":[{"href":"https:\/\/energyradar.net\/index.php?rest_route=\/wp\/v2\/types\/page"}],"author":[{"embeddable":true,"href":"https:\/\/energyradar.net\/index.php?rest_route=\/wp\/v2\/users\/1"}],"replies":[{"embeddable":true,"href":"https:\/\/energyradar.net\/index.php?rest_route=%2Fwp%2Fv2%2Fcomments&post=7946"}],"version-history":[{"count":11,"href":"https:\/\/energyradar.net\/index.php?rest_route=\/wp\/v2\/pages\/7946\/revisions"}],"predecessor-version":[{"id":8083,"href":"https:\/\/energyradar.net\/index.php?rest_route=\/wp\/v2\/pages\/7946\/revisions\/8083"}],"wp:attachment":[{"href":"https:\/\/energyradar.net\/index.php?rest_route=%2Fwp%2Fv2%2Fmedia&parent=7946"}],"curies":[{"name":"wp","href":"https:\/\/api.w.org\/{rel}","templated":true}]}}